{"id":33,"date":"2023-12-15T11:21:29","date_gmt":"2023-12-15T10:21:29","guid":{"rendered":"https:\/\/hauteprovencerenovation.com\/?page_id=33"},"modified":"2025-10-16T16:09:59","modified_gmt":"2025-10-16T14:09:59","slug":"second-oeuvre","status":"publish","type":"page","link":"https:\/\/hauteprovencerenovation.com\/index.php\/second-oeuvre\/","title":{"rendered":"Second oeuvre"},"content":{"rendered":"\t\t<div data-elementor-type=\"wp-page\" data-elementor-id=\"33\" class=\"elementor elementor-33\" data-elementor-post-type=\"page\">\n\t\t\t\t<div class=\"elementor-element elementor-element-52032ab8 elementor-hidden-tablet elementor-hidden-mobile e-flex e-con-boxed e-con e-parent\" data-id=\"52032ab8\" data-element_type=\"container\" data-e-type=\"container\" data-settings=\"{&quot;background_background&quot;:&quot;classic&quot;}\">\n\t\t\t\t\t<div class=\"e-con-inner\">\n\t\t\t\t<div class=\"elementor-element elementor-element-7b2b38f0 elementor-widget elementor-widget-heading\" data-id=\"7b2b38f0\" data-element_type=\"widget\" data-e-type=\"widget\" data-widget_type=\"heading.default\">\n\t\t\t\t<div class=\"elementor-widget-container\">\n\t\t\t\t\t<h1 class=\"elementor-heading-title elementor-size-default\">Second-oeuvre BTP<\/h1>\t\t\t\t<\/div>\n\t\t\t\t<\/div>\n\t\t\t\t<div class=\"elementor-element elementor-element-c43a98c elementor-widget elementor-widget-heading\" data-id=\"c43a98c\" data-element_type=\"widget\" data-e-type=\"widget\" data-widget_type=\"heading.default\">\n\t\t\t\t<div class=\"elementor-widget-container\">\n\t\t\t\t\t<h2 class=\"elementor-heading-title elementor-size-default\">Isolation, plomberie, \u00e9lectricit\u00e9, carrelage, peinture - Second oeuvre BTP disponible dans le 04 et 05<\/h2>\t\t\t\t<\/div>\n\t\t\t\t<\/div>\n\t\t\t\t<div class=\"elementor-element elementor-element-187bbcea elementor-align-center elementor-widget elementor-widget-button\" data-id=\"187bbcea\" data-element_type=\"widget\" data-e-type=\"widget\" data-widget_type=\"button.default\">\n\t\t\t\t<div class=\"elementor-widget-container\">\n\t\t\t\t\t\t\t\t\t<div class=\"elementor-button-wrapper\">\n\t\t\t\t\t<a class=\"elementor-button elementor-button-link elementor-size-lg elementor-animation-grow\" href=\"https:\/\/hauteprovencerenovation.com\/index.php\/devis\/#devis\">\n\t\t\t\t\t\t<span class=\"elementor-button-content-wrapper\">\n\t\t\t\t\t\t\t\t\t<span class=\"elementor-button-text\">Obtenir un devis<\/span>\n\t\t\t\t\t<\/span>\n\t\t\t\t\t<\/a>\n\t\t\t\t<\/div>\n\t\t\t\t\t\t\t\t<\/div>\n\t\t\t\t<\/div>\n\t\t\t\t\t<\/div>\n\t\t\t\t<\/div>\n\t\t<div class=\"elementor-element elementor-element-7d7bb3fb e-flex e-con-boxed e-con e-parent\" data-id=\"7d7bb3fb\" data-element_type=\"container\" data-e-type=\"container\">\n\t\t\t\t\t<div class=\"e-con-inner\">\n\t\t\t\t<div class=\"elementor-element elementor-element-6f338c8b elementor-widget elementor-widget-heading\" data-id=\"6f338c8b\" data-element_type=\"widget\" data-e-type=\"widget\" data-widget_type=\"heading.default\">\n\t\t\t\t<div class=\"elementor-widget-container\">\n\t\t\t\t\t<h3 class=\"elementor-heading-title elementor-size-default\">Second oeuvre BTP - \u00c9lectricit\u00e9, carrelage, peinture, isolation, plomberie<\/h3>\t\t\t\t<\/div>\n\t\t\t\t<\/div>\n\t\t\t\t\t<\/div>\n\t\t\t\t<\/div>\n\t\t<div class=\"elementor-element elementor-element-2cf122bb e-flex e-con-boxed e-con e-parent\" data-id=\"2cf122bb\" data-element_type=\"container\" data-e-type=\"container\">\n\t\t\t\t\t<div class=\"e-con-inner\">\n\t\t\t\t<div class=\"elementor-element elementor-element-38b27799 elementor-widget-divider--view-line elementor-widget elementor-widget-divider\" data-id=\"38b27799\" data-element_type=\"widget\" data-e-type=\"widget\" data-widget_type=\"divider.default\">\n\t\t\t\t<div class=\"elementor-widget-container\">\n\t\t\t\t\t\t\t<div class=\"elementor-divider\">\n\t\t\t<span class=\"elementor-divider-separator\">\n\t\t\t\t\t\t<\/span>\n\t\t<\/div>\n\t\t\t\t\t\t<\/div>\n\t\t\t\t<\/div>\n\t\t\t\t\t<\/div>\n\t\t\t\t<\/div>\n\t\t<div class=\"elementor-element elementor-element-d4c8b15 e-flex e-con-boxed e-con e-parent\" data-id=\"d4c8b15\" data-element_type=\"container\" data-e-type=\"container\">\n\t\t\t\t\t<div class=\"e-con-inner\">\n\t\t<div class=\"elementor-element elementor-element-4bc89964 e-con-full e-flex e-con e-child\" data-id=\"4bc89964\" data-element_type=\"container\" data-e-type=\"container\">\n\t\t\t\t<div class=\"elementor-element elementor-element-63c22d65 elementor-widget elementor-widget-image\" data-id=\"63c22d65\" data-element_type=\"widget\" data-e-type=\"widget\" data-widget_type=\"image.default\">\n\t\t\t\t<div class=\"elementor-widget-container\">\n\t\t\t\t\t\t\t\t\t\t\t\t\t\t\t<img fetchpriority=\"high\" decoding=\"async\" width=\"500\" height=\"334\" src=\"https:\/\/hauteprovencerenovation.com\/wp-content\/uploads\/2023\/12\/Isolation-second-oeuvre-BTP-Haute-Provence-Renovation-Second-oeuvre-BTP-dans-le-04-et-05.webp\" class=\"elementor-animation-grow attachment-large size-large wp-image-1043\" alt=\"Isolation second oeuvre BTP - Haute Provence Renovation - Second oeuvre BTP dans le 04 et 05\" srcset=\"https:\/\/hauteprovencerenovation.com\/wp-content\/uploads\/2023\/12\/Isolation-second-oeuvre-BTP-Haute-Provence-Renovation-Second-oeuvre-BTP-dans-le-04-et-05.webp 500w, https:\/\/hauteprovencerenovation.com\/wp-content\/uploads\/2023\/12\/Isolation-second-oeuvre-BTP-Haute-Provence-Renovation-Second-oeuvre-BTP-dans-le-04-et-05-300x200.webp 300w\" sizes=\"(max-width: 500px) 100vw, 500px\" \/>\t\t\t\t\t\t\t\t\t\t\t\t\t\t\t<\/div>\n\t\t\t\t<\/div>\n\t\t\t\t<\/div>\n\t\t<div class=\"elementor-element elementor-element-537b8320 e-con-full e-flex e-con e-child\" data-id=\"537b8320\" data-element_type=\"container\" data-e-type=\"container\">\n\t\t\t\t<div class=\"elementor-element elementor-element-228b6c28 elementor-widget elementor-widget-heading\" data-id=\"228b6c28\" data-element_type=\"widget\" data-e-type=\"widget\" data-widget_type=\"heading.default\">\n\t\t\t\t<div class=\"elementor-widget-container\">\n\t\t\t\t\t<h2 class=\"elementor-heading-title elementor-size-default\">Second oeuvre BTP - Isolation<\/h2>\t\t\t\t<\/div>\n\t\t\t\t<\/div>\n\t\t\t\t<div class=\"elementor-element elementor-element-f4308a1 elementor-widget elementor-widget-text-editor\" data-id=\"f4308a1\" data-element_type=\"widget\" data-e-type=\"widget\" data-widget_type=\"text-editor.default\">\n\t\t\t\t<div class=\"elementor-widget-container\">\n\t\t\t\t\t\t\t\t\t<p data-sourcepos=\"3:1-3:186\">L&rsquo;<strong>isolation<\/strong> est un \u00e9l\u00e9ment important du <strong>second \u0153uvre BTP<\/strong>. Elle permet de r\u00e9duire les d\u00e9penses \u00e9nerg\u00e9tiques d&rsquo;un b\u00e2timent, et de lui apporter un meilleur confort thermique et acoustique.<\/p><p data-sourcepos=\"6:1-6:222\">Les <strong>travaux d&rsquo;isolation<\/strong> peuvent concerner les murs, la toiture, les combles, les fen\u00eatres et les portes. Ils peuvent \u00eatre r\u00e9alis\u00e9s par des professionnels sp\u00e9cialis\u00e9s dans l&rsquo;isolation, ou par des professionnels du b\u00e2timent polyvalents.<\/p>\t\t\t\t\t\t\t\t<\/div>\n\t\t\t\t<\/div>\n\t\t\t\t<div class=\"elementor-element elementor-element-301e9cc5 elementor-align-right elementor-widget elementor-widget-button\" data-id=\"301e9cc5\" data-element_type=\"widget\" data-e-type=\"widget\" data-widget_type=\"button.default\">\n\t\t\t\t<div class=\"elementor-widget-container\">\n\t\t\t\t\t\t\t\t\t<div class=\"elementor-button-wrapper\">\n\t\t\t\t\t<a class=\"elementor-button elementor-button-link elementor-size-sm elementor-animation-grow\" href=\"https:\/\/hauteprovencerenovation.com\/index.php\/isolation\/\">\n\t\t\t\t\t\t<span class=\"elementor-button-content-wrapper\">\n\t\t\t\t\t\t\t\t\t<span class=\"elementor-button-text\">Isolation<\/span>\n\t\t\t\t\t<\/span>\n\t\t\t\t\t<\/a>\n\t\t\t\t<\/div>\n\t\t\t\t\t\t\t\t<\/div>\n\t\t\t\t<\/div>\n\t\t\t\t<\/div>\n\t\t\t\t\t<\/div>\n\t\t\t\t<\/div>\n\t\t<div class=\"elementor-element elementor-element-55f8571b e-flex e-con-boxed e-con e-parent\" data-id=\"55f8571b\" data-element_type=\"container\" data-e-type=\"container\" data-settings=\"{&quot;background_background&quot;:&quot;classic&quot;}\">\n\t\t\t\t\t<div class=\"e-con-inner\">\n\t\t\t\t<div class=\"elementor-element elementor-element-36fc3fe5 elementor-widget elementor-widget-heading\" data-id=\"36fc3fe5\" data-element_type=\"widget\" data-e-type=\"widget\" data-widget_type=\"heading.default\">\n\t\t\t\t<div class=\"elementor-widget-container\">\n\t\t\t\t\t<h3 class=\"elementor-heading-title elementor-size-default\"><a href=\"tel:+33699494330\">Besoins de travaux de second \u0153uvre BTP ? Contactez-nous au 06 99 49 43 30<\/a><\/h3>\t\t\t\t<\/div>\n\t\t\t\t<\/div>\n\t\t\t\t\t<\/div>\n\t\t\t\t<\/div>\n\t\t<div class=\"elementor-element elementor-element-1701965c e-flex e-con-boxed e-con e-parent\" data-id=\"1701965c\" data-element_type=\"container\" data-e-type=\"container\">\n\t\t\t\t\t<div class=\"e-con-inner\">\n\t\t<div class=\"elementor-element elementor-element-11044eca e-con-full e-flex e-con e-child\" data-id=\"11044eca\" data-element_type=\"container\" data-e-type=\"container\">\n\t\t\t\t<div class=\"elementor-element elementor-element-5a217d0b elementor-widget elementor-widget-heading\" data-id=\"5a217d0b\" data-element_type=\"widget\" data-e-type=\"widget\" data-widget_type=\"heading.default\">\n\t\t\t\t<div class=\"elementor-widget-container\">\n\t\t\t\t\t<h2 class=\"elementor-heading-title elementor-size-default\">Second oeuvre BTP - Peinture <\/h2>\t\t\t\t<\/div>\n\t\t\t\t<\/div>\n\t\t\t\t<div class=\"elementor-element elementor-element-4382982b elementor-widget elementor-widget-text-editor\" data-id=\"4382982b\" data-element_type=\"widget\" data-e-type=\"widget\" data-widget_type=\"text-editor.default\">\n\t\t\t\t<div class=\"elementor-widget-container\">\n\t\t\t\t\t\t\t\t\t<p>La peinture est un \u00e9l\u00e9ment essentiel de la d\u00e9coration <strong>int\u00e9rieure et ext\u00e9rieure<\/strong> d&rsquo;un b\u00e2timent. Elle permet de prot\u00e9ger les surfaces, de les embellir et de changer l&rsquo;ambiance d&rsquo;une pi\u00e8ce.<\/p><p>Les travaux de peinture sont des travaux de <strong>second \u0153uvre BTP<\/strong>. Ils sont r\u00e9alis\u00e9s par nos professionnels qualifi\u00e9s, qui disposent des comp\u00e9tences et des ressources n\u00e9cessaires pour r\u00e9aliser un travail de qualit\u00e9.<\/p>\t\t\t\t\t\t\t\t<\/div>\n\t\t\t\t<\/div>\n\t\t\t\t<div class=\"elementor-element elementor-element-647e86e elementor-align-left elementor-widget elementor-widget-button\" data-id=\"647e86e\" data-element_type=\"widget\" data-e-type=\"widget\" data-widget_type=\"button.default\">\n\t\t\t\t<div class=\"elementor-widget-container\">\n\t\t\t\t\t\t\t\t\t<div class=\"elementor-button-wrapper\">\n\t\t\t\t\t<a class=\"elementor-button elementor-button-link elementor-size-sm elementor-animation-grow\" href=\"https:\/\/hauteprovencerenovation.com\/index.php\/peinture\/\">\n\t\t\t\t\t\t<span class=\"elementor-button-content-wrapper\">\n\t\t\t\t\t\t\t\t\t<span class=\"elementor-button-text\">Peinture<\/span>\n\t\t\t\t\t<\/span>\n\t\t\t\t\t<\/a>\n\t\t\t\t<\/div>\n\t\t\t\t\t\t\t\t<\/div>\n\t\t\t\t<\/div>\n\t\t\t\t<\/div>\n\t\t<div class=\"elementor-element elementor-element-14777a7d e-con-full e-flex e-con e-child\" data-id=\"14777a7d\" data-element_type=\"container\" data-e-type=\"container\">\n\t\t\t\t<div class=\"elementor-element elementor-element-44ca7f94 elementor-widget elementor-widget-image\" data-id=\"44ca7f94\" data-element_type=\"widget\" data-e-type=\"widget\" data-widget_type=\"image.default\">\n\t\t\t\t<div class=\"elementor-widget-container\">\n\t\t\t\t\t\t\t\t\t\t\t\t\t\t\t<img decoding=\"async\" width=\"500\" height=\"375\" src=\"https:\/\/hauteprovencerenovation.com\/wp-content\/uploads\/2023\/12\/Peinture-Second-oeuvre-BTP-Haute-Provence-Renovation-dans-le-04-et-05.webp\" class=\"elementor-animation-grow attachment-large size-large wp-image-1036\" alt=\"R\u00e9novation Artisans B\u00e2timent - Haute Provence Renovation dans le 04 et 05\" srcset=\"https:\/\/hauteprovencerenovation.com\/wp-content\/uploads\/2023\/12\/Peinture-Second-oeuvre-BTP-Haute-Provence-Renovation-dans-le-04-et-05.webp 500w, https:\/\/hauteprovencerenovation.com\/wp-content\/uploads\/2023\/12\/Peinture-Second-oeuvre-BTP-Haute-Provence-Renovation-dans-le-04-et-05-300x225.webp 300w\" sizes=\"(max-width: 500px) 100vw, 500px\" \/>\t\t\t\t\t\t\t\t\t\t\t\t\t\t\t<\/div>\n\t\t\t\t<\/div>\n\t\t\t\t<\/div>\n\t\t\t\t\t<\/div>\n\t\t\t\t<\/div>\n\t\t<div class=\"elementor-element elementor-element-2bda84d3 e-flex e-con-boxed e-con e-parent\" data-id=\"2bda84d3\" data-element_type=\"container\" data-e-type=\"container\">\n\t\t\t\t\t<div class=\"e-con-inner\">\n\t\t<div class=\"elementor-element elementor-element-77ebd993 e-con-full e-flex e-con e-child\" data-id=\"77ebd993\" data-element_type=\"container\" data-e-type=\"container\">\n\t\t\t\t<div class=\"elementor-element elementor-element-6df81231 elementor-widget elementor-widget-image\" data-id=\"6df81231\" data-element_type=\"widget\" data-e-type=\"widget\" data-widget_type=\"image.default\">\n\t\t\t\t<div class=\"elementor-widget-container\">\n\t\t\t\t\t\t\t\t\t\t\t\t\t\t\t<img decoding=\"async\" width=\"500\" height=\"667\" src=\"https:\/\/hauteprovencerenovation.com\/wp-content\/uploads\/2023\/12\/Carrelage-second-oeuvre-BTP-Haute-Provence-Renovation-Second-oeuvre-BTP-dans-le-04-et-05.webp\" class=\"elementor-animation-grow attachment-large size-large wp-image-1029\" alt=\"Carrelage second oeuvre BTP Haute Provence Renovation Second oeuvre BTP dans le 04 et 05\" srcset=\"https:\/\/hauteprovencerenovation.com\/wp-content\/uploads\/2023\/12\/Carrelage-second-oeuvre-BTP-Haute-Provence-Renovation-Second-oeuvre-BTP-dans-le-04-et-05.webp 500w, https:\/\/hauteprovencerenovation.com\/wp-content\/uploads\/2023\/12\/Carrelage-second-oeuvre-BTP-Haute-Provence-Renovation-Second-oeuvre-BTP-dans-le-04-et-05-225x300.webp 225w\" sizes=\"(max-width: 500px) 100vw, 500px\" \/>\t\t\t\t\t\t\t\t\t\t\t\t\t\t\t<\/div>\n\t\t\t\t<\/div>\n\t\t\t\t<\/div>\n\t\t<div class=\"elementor-element elementor-element-3aba26d0 e-con-full e-flex e-con e-child\" data-id=\"3aba26d0\" data-element_type=\"container\" data-e-type=\"container\">\n\t\t\t\t<div class=\"elementor-element elementor-element-17f81a8d elementor-widget elementor-widget-heading\" data-id=\"17f81a8d\" data-element_type=\"widget\" data-e-type=\"widget\" data-widget_type=\"heading.default\">\n\t\t\t\t<div class=\"elementor-widget-container\">\n\t\t\t\t\t<h2 class=\"elementor-heading-title elementor-size-default\">Second oeuvre BTP - Carrelage<\/h2>\t\t\t\t<\/div>\n\t\t\t\t<\/div>\n\t\t\t\t<div class=\"elementor-element elementor-element-78fc311b elementor-widget elementor-widget-text-editor\" data-id=\"78fc311b\" data-element_type=\"widget\" data-e-type=\"widget\" data-widget_type=\"text-editor.default\">\n\t\t\t\t<div class=\"elementor-widget-container\">\n\t\t\t\t\t\t\t\t\t<p>Le <strong>carrelage<\/strong> est un rev\u00eatement de sol ou de mur tr\u00e8s populaire, qui offre de nombreux avantages, notamment sa <strong>durabilit\u00e9<\/strong>, son entretien facile et sa vari\u00e9t\u00e9 de styles.<\/p><p>La <strong>pose de carrelage<\/strong> est une op\u00e9ration complexe qui n\u00e9cessite des comp\u00e9tences et des connaissances sp\u00e9cifiques. C&rsquo;est pourquoi il est important de faire appel \u00e0 nous pour la pose de votre carrelage.<\/p><p>Nous sommes des professionnel qualifi\u00e9s du <strong>second \u0153uvre BTP<\/strong>\u00a0<\/p>\t\t\t\t\t\t\t\t<\/div>\n\t\t\t\t<\/div>\n\t\t\t\t<div class=\"elementor-element elementor-element-5ea14fc7 elementor-align-right elementor-widget elementor-widget-button\" data-id=\"5ea14fc7\" data-element_type=\"widget\" data-e-type=\"widget\" data-widget_type=\"button.default\">\n\t\t\t\t<div class=\"elementor-widget-container\">\n\t\t\t\t\t\t\t\t\t<div class=\"elementor-button-wrapper\">\n\t\t\t\t\t<a class=\"elementor-button elementor-button-link elementor-size-sm elementor-animation-grow\" href=\"https:\/\/hauteprovencerenovation.com\/index.php\/carrelage\">\n\t\t\t\t\t\t<span class=\"elementor-button-content-wrapper\">\n\t\t\t\t\t\t\t\t\t<span class=\"elementor-button-text\">Carrelage<\/span>\n\t\t\t\t\t<\/span>\n\t\t\t\t\t<\/a>\n\t\t\t\t<\/div>\n\t\t\t\t\t\t\t\t<\/div>\n\t\t\t\t<\/div>\n\t\t\t\t<\/div>\n\t\t\t\t\t<\/div>\n\t\t\t\t<\/div>\n\t\t<div class=\"elementor-element elementor-element-187da6ff e-flex e-con-boxed e-con e-parent\" data-id=\"187da6ff\" data-element_type=\"container\" data-e-type=\"container\" data-settings=\"{&quot;background_background&quot;:&quot;classic&quot;,&quot;background_motion_fx_motion_fx_mouse&quot;:&quot;yes&quot;,&quot;background_motion_fx_mouseTrack_effect&quot;:&quot;yes&quot;,&quot;background_motion_fx_mouseTrack_direction&quot;:&quot;negative&quot;,&quot;background_motion_fx_mouseTrack_speed&quot;:{&quot;unit&quot;:&quot;px&quot;,&quot;size&quot;:1,&quot;sizes&quot;:[]}}\">\n\t\t\t\t\t<div class=\"e-con-inner\">\n\t\t<div class=\"elementor-element elementor-element-5e14551a e-con-full e-flex e-con e-child\" data-id=\"5e14551a\" data-element_type=\"container\" data-e-type=\"container\">\n\t\t\t\t<div class=\"elementor-element elementor-element-1bc7510e elementor-widget elementor-widget-heading\" data-id=\"1bc7510e\" data-element_type=\"widget\" data-e-type=\"widget\" data-widget_type=\"heading.default\">\n\t\t\t\t<div class=\"elementor-widget-container\">\n\t\t\t\t\t<h2 class=\"elementor-heading-title elementor-size-default\">Second oeuvre BTP - Plomberie &amp; \u00c9lectricit\u00e9<\/h2>\t\t\t\t<\/div>\n\t\t\t\t<\/div>\n\t\t\t\t<div class=\"elementor-element elementor-element-16eb74b elementor-widget elementor-widget-text-editor\" data-id=\"16eb74b\" data-element_type=\"widget\" data-e-type=\"widget\" data-widget_type=\"text-editor.default\">\n\t\t\t\t<div class=\"elementor-widget-container\">\n\t\t\t\t\t\t\t\t\t<p>Les travaux de <strong>second \u0153uvre BTP<\/strong>, comme la plomberie et l&rsquo;\u00e9lectricit\u00e9, sont essentiels \u00e0 l&rsquo;am\u00e9nagement et \u00e0 la finition d&rsquo;un b\u00e2timent. Ils concernent les <strong>r\u00e9seaux<\/strong> et les \u00e9quipements qui permettent de rendre le b\u00e2timent <strong>habitable et confortable<\/strong>.<\/p>\t\t\t\t\t\t\t\t<\/div>\n\t\t\t\t<\/div>\n\t\t\t\t<div class=\"elementor-element elementor-element-93265c9 elementor-align-left elementor-widget elementor-widget-button\" data-id=\"93265c9\" data-element_type=\"widget\" data-e-type=\"widget\" data-widget_type=\"button.default\">\n\t\t\t\t<div class=\"elementor-widget-container\">\n\t\t\t\t\t\t\t\t\t<div class=\"elementor-button-wrapper\">\n\t\t\t\t\t<a class=\"elementor-button elementor-button-link elementor-size-sm elementor-animation-grow\" href=\"https:\/\/hauteprovencerenovation.com\/index.php\/plomberie-et-electricite\/\">\n\t\t\t\t\t\t<span class=\"elementor-button-content-wrapper\">\n\t\t\t\t\t\t\t\t\t<span class=\"elementor-button-text\">Plomberie &amp; \u00c9lectricit\u00e9<\/span>\n\t\t\t\t\t<\/span>\n\t\t\t\t\t<\/a>\n\t\t\t\t<\/div>\n\t\t\t\t\t\t\t\t<\/div>\n\t\t\t\t<\/div>\n\t\t\t\t<\/div>\n\t\t<div class=\"elementor-element elementor-element-6ae22944 e-con-full e-flex e-con e-child\" data-id=\"6ae22944\" data-element_type=\"container\" data-e-type=\"container\">\n\t\t\t\t<div class=\"elementor-element elementor-element-144991b2 elementor-widget elementor-widget-image\" data-id=\"144991b2\" data-element_type=\"widget\" data-e-type=\"widget\" data-widget_type=\"image.default\">\n\t\t\t\t<div class=\"elementor-widget-container\">\n\t\t\t\t\t\t\t\t\t\t\t\t\t\t\t<img loading=\"lazy\" decoding=\"async\" width=\"500\" height=\"375\" src=\"https:\/\/hauteprovencerenovation.com\/wp-content\/uploads\/2023\/12\/Plomberie-Second-Oeuvre-BTP-Haute-Provence-Renovation-Second-oeuvre-BTP-dans-le-04-et-05.webp\" class=\"elementor-animation-grow attachment-large size-large wp-image-1025\" alt=\"Plomberie Second Oeuvre BTP - Haute Provence Renovation Second oeuvre BTP dans le 04 et 05\" srcset=\"https:\/\/hauteprovencerenovation.com\/wp-content\/uploads\/2023\/12\/Plomberie-Second-Oeuvre-BTP-Haute-Provence-Renovation-Second-oeuvre-BTP-dans-le-04-et-05.webp 500w, https:\/\/hauteprovencerenovation.com\/wp-content\/uploads\/2023\/12\/Plomberie-Second-Oeuvre-BTP-Haute-Provence-Renovation-Second-oeuvre-BTP-dans-le-04-et-05-300x225.webp 300w\" sizes=\"(max-width: 500px) 100vw, 500px\" \/>\t\t\t\t\t\t\t\t\t\t\t\t\t\t\t<\/div>\n\t\t\t\t<\/div>\n\t\t\t\t<\/div>\n\t\t\t\t\t<\/div>\n\t\t\t\t<\/div>\n\t\t<div class=\"elementor-element elementor-element-616cebf9 e-flex e-con-boxed e-con e-parent\" data-id=\"616cebf9\" data-element_type=\"container\" data-e-type=\"container\" data-settings=\"{&quot;background_background&quot;:&quot;classic&quot;}\">\n\t\t\t\t\t<div class=\"e-con-inner\">\n\t\t<div class=\"elementor-element elementor-element-d505ba1 e-con-full e-flex e-con e-child\" data-id=\"d505ba1\" data-element_type=\"container\" data-e-type=\"container\" data-settings=\"{&quot;background_background&quot;:&quot;classic&quot;}\">\n\t\t\t\t<div class=\"elementor-element elementor-element-698dbc0e elementor-widget elementor-widget-heading\" data-id=\"698dbc0e\" data-element_type=\"widget\" data-e-type=\"widget\" data-widget_type=\"heading.default\">\n\t\t\t\t<div class=\"elementor-widget-container\">\n\t\t\t\t\t<h3 class=\"elementor-heading-title elementor-size-default\">Nous r\u00e9alisons nos travaux de second \u0153uvre BTP dans les villes et communes du 04 et 05.<\/h3>\t\t\t\t<\/div>\n\t\t\t\t<\/div>\n\t\t\t\t<\/div>\n\t\t\t\t\t<\/div>\n\t\t\t\t<\/div>\n\t\t\t\t<\/div>\n\t\t","protected":false},"excerpt":{"rendered":"<p>Second-oeuvre BTP Isolation, plomberie, \u00e9lectricit\u00e9, carrelage, peinture &#8211; Second oeuvre BTP disponible dans le 04 et 05 Obtenir un devis Second oeuvre BTP &#8211; \u00c9lectricit\u00e9, carrelage, peinture, isolation, plomberie Second oeuvre BTP &#8211; Isolation L&rsquo;isolation est un \u00e9l\u00e9ment important du second \u0153uvre BTP. Elle permet de r\u00e9duire les d\u00e9penses \u00e9nerg\u00e9tiques d&rsquo;un b\u00e2timent, et de lui [&hellip;]<\/p>\n","protected":false},"author":1,"featured_media":0,"parent":0,"menu_order":0,"comment_status":"closed","ping_status":"closed","template":"","meta":{"om_disable_all_campaigns":false,"_monsterinsights_skip_tracking":false,"_monsterinsights_sitenote_active":false,"_monsterinsights_sitenote_note":"","_monsterinsights_sitenote_category":0,"footnotes":""},"class_list":["post-33","page","type-page","status-publish","hentry"],"aioseo_notices":[],"_links":{"self":[{"href":"https:\/\/hauteprovencerenovation.com\/index.php\/wp-json\/wp\/v2\/pages\/33","targetHints":{"allow":["GET"]}}],"collection":[{"href":"https:\/\/hauteprovencerenovation.com\/index.php\/wp-json\/wp\/v2\/pages"}],"about":[{"href":"https:\/\/hauteprovencerenovation.com\/index.php\/wp-json\/wp\/v2\/types\/page"}],"author":[{"embeddable":true,"href":"https:\/\/hauteprovencerenovation.com\/index.php\/wp-json\/wp\/v2\/users\/1"}],"replies":[{"embeddable":true,"href":"https:\/\/hauteprovencerenovation.com\/index.php\/wp-json\/wp\/v2\/comments?post=33"}],"version-history":[{"count":100,"href":"https:\/\/hauteprovencerenovation.com\/index.php\/wp-json\/wp\/v2\/pages\/33\/revisions"}],"predecessor-version":[{"id":1394,"href":"https:\/\/hauteprovencerenovation.com\/index.php\/wp-json\/wp\/v2\/pages\/33\/revisions\/1394"}],"wp:attachment":[{"href":"https:\/\/hauteprovencerenovation.com\/index.php\/wp-json\/wp\/v2\/media?parent=33"}],"curies":[{"name":"wp","href":"https:\/\/api.w.org\/{rel}","templated":true}]}}