{"id":39,"date":"2023-12-15T11:22:50","date_gmt":"2023-12-15T10:22:50","guid":{"rendered":"https:\/\/hauteprovencerenovation.com\/?page_id=39"},"modified":"2025-10-17T14:50:04","modified_gmt":"2025-10-17T12:50:04","slug":"carrelage","status":"publish","type":"page","link":"https:\/\/hauteprovencerenovation.com\/index.php\/carrelage\/","title":{"rendered":"Carrelage"},"content":{"rendered":"\t\t<div data-elementor-type=\"wp-page\" data-elementor-id=\"39\" class=\"elementor elementor-39\" data-elementor-post-type=\"page\">\n\t\t\t\t<div class=\"elementor-element elementor-element-15fa2bc8 elementor-hidden-mobile e-flex e-con-boxed e-con e-parent\" data-id=\"15fa2bc8\" data-element_type=\"container\" data-e-type=\"container\" data-settings=\"{&quot;background_background&quot;:&quot;classic&quot;}\">\n\t\t\t\t\t<div class=\"e-con-inner\">\n\t\t\t\t<div class=\"elementor-element elementor-element-4311a93c elementor-widget elementor-widget-heading\" data-id=\"4311a93c\" data-element_type=\"widget\" data-e-type=\"widget\" data-widget_type=\"heading.default\">\n\t\t\t\t<div class=\"elementor-widget-container\">\n\t\t\t\t\t<h1 class=\"elementor-heading-title elementor-size-default\">Carreleur <\/h1>\t\t\t\t<\/div>\n\t\t\t\t<\/div>\n\t\t\t\t<div class=\"elementor-element elementor-element-e2691fc elementor-widget elementor-widget-heading\" data-id=\"e2691fc\" data-element_type=\"widget\" data-e-type=\"widget\" data-widget_type=\"heading.default\">\n\t\t\t\t<div class=\"elementor-widget-container\">\n\t\t\t\t\t<h2 class=\"elementor-heading-title elementor-size-default\">Vos carreleurs disponibles dans les communes et villes du 04 et 05.<\/h2>\t\t\t\t<\/div>\n\t\t\t\t<\/div>\n\t\t\t\t<div class=\"elementor-element elementor-element-acfbf03 elementor-align-center elementor-widget elementor-widget-button\" data-id=\"acfbf03\" data-element_type=\"widget\" data-e-type=\"widget\" data-widget_type=\"button.default\">\n\t\t\t\t<div class=\"elementor-widget-container\">\n\t\t\t\t\t\t\t\t\t<div class=\"elementor-button-wrapper\">\n\t\t\t\t\t<a class=\"elementor-button elementor-button-link elementor-size-lg elementor-animation-grow\" href=\"https:\/\/hauteprovencerenovation.com\/index.php\/devis\/#devis\">\n\t\t\t\t\t\t<span class=\"elementor-button-content-wrapper\">\n\t\t\t\t\t\t\t\t\t<span class=\"elementor-button-text\">Obtenir un devis<\/span>\n\t\t\t\t\t<\/span>\n\t\t\t\t\t<\/a>\n\t\t\t\t<\/div>\n\t\t\t\t\t\t\t\t<\/div>\n\t\t\t\t<\/div>\n\t\t\t\t\t<\/div>\n\t\t\t\t<\/div>\n\t\t<div class=\"elementor-element elementor-element-62023208 e-flex e-con-boxed e-con e-parent\" data-id=\"62023208\" data-element_type=\"container\" data-e-type=\"container\">\n\t\t\t\t\t<div class=\"e-con-inner\">\n\t\t\t\t<div class=\"elementor-element elementor-element-6cb2f4e0 elementor-widget elementor-widget-heading\" data-id=\"6cb2f4e0\" data-element_type=\"widget\" data-e-type=\"widget\" data-widget_type=\"heading.default\">\n\t\t\t\t<div class=\"elementor-widget-container\">\n\t\t\t\t\t<h2 class=\"elementor-heading-title elementor-size-default\">Carreleurs dans le 04 et 05 <\/h2>\t\t\t\t<\/div>\n\t\t\t\t<\/div>\n\t\t\t\t\t<\/div>\n\t\t\t\t<\/div>\n\t\t<div class=\"elementor-element elementor-element-31504a01 e-flex e-con-boxed e-con e-parent\" data-id=\"31504a01\" data-element_type=\"container\" data-e-type=\"container\">\n\t\t\t\t\t<div class=\"e-con-inner\">\n\t\t\t\t<div class=\"elementor-element elementor-element-39fa084f elementor-widget-divider--view-line elementor-widget elementor-widget-divider\" data-id=\"39fa084f\" data-element_type=\"widget\" data-e-type=\"widget\" data-widget_type=\"divider.default\">\n\t\t\t\t<div class=\"elementor-widget-container\">\n\t\t\t\t\t\t\t<div class=\"elementor-divider\">\n\t\t\t<span class=\"elementor-divider-separator\">\n\t\t\t\t\t\t<\/span>\n\t\t<\/div>\n\t\t\t\t\t\t<\/div>\n\t\t\t\t<\/div>\n\t\t\t\t\t<\/div>\n\t\t\t\t<\/div>\n\t\t<div class=\"elementor-element elementor-element-173be207 e-flex e-con-boxed e-con e-parent\" data-id=\"173be207\" data-element_type=\"container\" data-e-type=\"container\">\n\t\t\t\t\t<div class=\"e-con-inner\">\n\t\t<div class=\"elementor-element elementor-element-78ae0ebb e-con-full e-flex e-con e-child\" data-id=\"78ae0ebb\" data-element_type=\"container\" data-e-type=\"container\">\n\t\t\t\t<div class=\"elementor-element elementor-element-11276e5f elementor-widget elementor-widget-image\" data-id=\"11276e5f\" data-element_type=\"widget\" data-e-type=\"widget\" data-widget_type=\"image.default\">\n\t\t\t\t<div class=\"elementor-widget-container\">\n\t\t\t\t\t\t\t\t\t\t\t\t\t\t\t<img fetchpriority=\"high\" decoding=\"async\" width=\"500\" height=\"384\" src=\"https:\/\/hauteprovencerenovation.com\/wp-content\/uploads\/2023\/12\/Carrelage-artisans-carreleur-04-05-Haute-Provence-Renovation.webp\" class=\"elementor-animation-grow attachment-large size-large wp-image-1143\" alt=\"Carrelage artisans carreleur 04 05 Haute Provence Renovation\" srcset=\"https:\/\/hauteprovencerenovation.com\/wp-content\/uploads\/2023\/12\/Carrelage-artisans-carreleur-04-05-Haute-Provence-Renovation.webp 500w, https:\/\/hauteprovencerenovation.com\/wp-content\/uploads\/2023\/12\/Carrelage-artisans-carreleur-04-05-Haute-Provence-Renovation-300x230.webp 300w\" sizes=\"(max-width: 500px) 100vw, 500px\" \/>\t\t\t\t\t\t\t\t\t\t\t\t\t\t\t<\/div>\n\t\t\t\t<\/div>\n\t\t\t\t<\/div>\n\t\t<div class=\"elementor-element elementor-element-7c2c4ce6 e-con-full e-flex e-con e-child\" data-id=\"7c2c4ce6\" data-element_type=\"container\" data-e-type=\"container\">\n\t\t\t\t<div class=\"elementor-element elementor-element-4111a170 elementor-widget elementor-widget-heading\" data-id=\"4111a170\" data-element_type=\"widget\" data-e-type=\"widget\" data-widget_type=\"heading.default\">\n\t\t\t\t<div class=\"elementor-widget-container\">\n\t\t\t\t\t<h2 class=\"elementor-heading-title elementor-size-default\">Carrelage maison <\/h2>\t\t\t\t<\/div>\n\t\t\t\t<\/div>\n\t\t\t\t<div class=\"elementor-element elementor-element-2c27bbe6 elementor-widget elementor-widget-text-editor\" data-id=\"2c27bbe6\" data-element_type=\"widget\" data-e-type=\"widget\" data-widget_type=\"text-editor.default\">\n\t\t\t\t<div class=\"elementor-widget-container\">\n\t\t\t\t\t\t\t\t\t<p data-sourcepos=\"1:1-1:78\">Carrelage maison : un projet \u00e0 confier \u00e0 des<strong>\u00a0carreleurs<\/strong> qualifi\u00e9s.<\/p><p data-sourcepos=\"3:1-3:269\">Le carrelage est un rev\u00eatement de sol ou de mur tr\u00e8s populaire, car il est <strong>durable<\/strong>, facile d&rsquo;entretien et offre une grande vari\u00e9t\u00e9 de styles. Si vous envisagez de poser du carrelage dans votre maison, il est important de faire appel \u00e0 des<strong>\u00a0carreleurs<\/strong> qualifi\u00e9s.<\/p><p data-sourcepos=\"5:1-5:329\">Les<strong>\u00a0carreleurs<\/strong> poss\u00e8dent les comp\u00e9tences et l&rsquo;exp\u00e9rience n\u00e9cessaires pour poser du carrelage de mani\u00e8re <strong>professionnelle et durable<\/strong>. Ils vous conseilleront sur le choix des mat\u00e9riaux et des techniques les plus adapt\u00e9s \u00e0 votre projet. Ils vous garantiront \u00e9galement un travail de qualit\u00e9, r\u00e9alis\u00e9 dans les r\u00e8gles de l&rsquo;art.<\/p>\t\t\t\t\t\t\t\t<\/div>\n\t\t\t\t<\/div>\n\t\t\t\t<\/div>\n\t\t\t\t\t<\/div>\n\t\t\t\t<\/div>\n\t\t<div class=\"elementor-element elementor-element-29ae0152 e-flex e-con-boxed e-con e-parent\" data-id=\"29ae0152\" data-element_type=\"container\" data-e-type=\"container\" data-settings=\"{&quot;background_background&quot;:&quot;classic&quot;}\">\n\t\t\t\t\t<div class=\"e-con-inner\">\n\t\t\t\t<div class=\"elementor-element elementor-element-11b1fdfd elementor-widget elementor-widget-heading\" data-id=\"11b1fdfd\" data-element_type=\"widget\" data-e-type=\"widget\" data-widget_type=\"heading.default\">\n\t\t\t\t<div class=\"elementor-widget-container\">\n\t\t\t\t\t<h3 class=\"elementor-heading-title elementor-size-default\"><a href=\"tel:+33699494330\">Besoins de travaux ? Contactez-nous au 06 99 49 43 30<\/a><\/h3>\t\t\t\t<\/div>\n\t\t\t\t<\/div>\n\t\t\t\t\t<\/div>\n\t\t\t\t<\/div>\n\t\t<div class=\"elementor-element elementor-element-2c5d1ace e-flex e-con-boxed e-con e-parent\" data-id=\"2c5d1ace\" data-element_type=\"container\" data-e-type=\"container\">\n\t\t\t\t\t<div class=\"e-con-inner\">\n\t\t<div class=\"elementor-element elementor-element-1630bf17 e-con-full e-flex e-con e-child\" data-id=\"1630bf17\" data-element_type=\"container\" data-e-type=\"container\">\n\t\t\t\t<div class=\"elementor-element elementor-element-4989b1d0 elementor-widget elementor-widget-heading\" data-id=\"4989b1d0\" data-element_type=\"widget\" data-e-type=\"widget\" data-widget_type=\"heading.default\">\n\t\t\t\t<div class=\"elementor-widget-container\">\n\t\t\t\t\t<h2 class=\"elementor-heading-title elementor-size-default\">Carreleur - travaux d'int\u00e9rieur<\/h2>\t\t\t\t<\/div>\n\t\t\t\t<\/div>\n\t\t\t\t<div class=\"elementor-element elementor-element-45db2cb7 elementor-widget elementor-widget-text-editor\" data-id=\"45db2cb7\" data-element_type=\"widget\" data-e-type=\"widget\" data-widget_type=\"text-editor.default\">\n\t\t\t\t<div class=\"elementor-widget-container\">\n\t\t\t\t\t\t\t\t\t<p data-sourcepos=\"3:1-3:258\">Les<strong>\u00a0carreleur<\/strong>s sont des professionnels qualifi\u00e9s qui s&rsquo;occupent de la pose de carrelage, de fa\u00efence, de mosa\u00efque, de dalles en b\u00e9ton, de pierres naturelles, etc. Ils travaillent sur <strong>tous types de surfaces<\/strong>, qu&rsquo;elles soient int\u00e9rieures ou ext\u00e9rieures.<\/p><p data-sourcepos=\"5:1-5:115\">Dans le cadre de travaux d&rsquo;int\u00e9rieur, les artisans carreleurs peuvent r\u00e9aliser une multitude de t\u00e2ches, notamment :<\/p><p><strong>La pose de carrelage<\/strong> au sol et aux murs<\/p><p><strong>La r\u00e9novation de carrelage<\/strong> ancien<\/p><p>La <strong>pose de carrelage d\u00e9coratif<\/strong><\/p><p>La pose de <strong>carrelage pour douche ou baignoire<\/strong><\/p><p>La pose de <strong>carrelage pour plan de travail ou cr\u00e9dence<\/strong><\/p>\t\t\t\t\t\t\t\t<\/div>\n\t\t\t\t<\/div>\n\t\t\t\t<\/div>\n\t\t<div class=\"elementor-element elementor-element-5623aa2c e-con-full e-flex e-con e-child\" data-id=\"5623aa2c\" data-element_type=\"container\" data-e-type=\"container\">\n\t\t\t\t<div class=\"elementor-element elementor-element-55c50153 elementor-widget elementor-widget-image\" data-id=\"55c50153\" data-element_type=\"widget\" data-e-type=\"widget\" data-widget_type=\"image.default\">\n\t\t\t\t<div class=\"elementor-widget-container\">\n\t\t\t\t\t\t\t\t\t\t\t\t\t\t\t<img decoding=\"async\" width=\"500\" height=\"667\" src=\"https:\/\/hauteprovencerenovation.com\/wp-content\/uploads\/2023\/12\/Carrelage-second-oeuvre-BTP-Haute-Provence-Renovation-Second-oeuvre-BTP-dans-le-04-et-05.webp\" class=\"elementor-animation-grow attachment-large size-large wp-image-1029\" alt=\"Carrelage second oeuvre BTP Haute Provence Renovation Second oeuvre BTP dans le 04 et 05\" srcset=\"https:\/\/hauteprovencerenovation.com\/wp-content\/uploads\/2023\/12\/Carrelage-second-oeuvre-BTP-Haute-Provence-Renovation-Second-oeuvre-BTP-dans-le-04-et-05.webp 500w, https:\/\/hauteprovencerenovation.com\/wp-content\/uploads\/2023\/12\/Carrelage-second-oeuvre-BTP-Haute-Provence-Renovation-Second-oeuvre-BTP-dans-le-04-et-05-225x300.webp 225w\" sizes=\"(max-width: 500px) 100vw, 500px\" \/>\t\t\t\t\t\t\t\t\t\t\t\t\t\t\t<\/div>\n\t\t\t\t<\/div>\n\t\t\t\t<\/div>\n\t\t\t\t\t<\/div>\n\t\t\t\t<\/div>\n\t\t<div class=\"elementor-element elementor-element-7f0133a5 e-flex e-con-boxed e-con e-parent\" data-id=\"7f0133a5\" data-element_type=\"container\" data-e-type=\"container\" data-settings=\"{&quot;background_background&quot;:&quot;classic&quot;}\">\n\t\t\t\t\t<div class=\"e-con-inner\">\n\t\t<div class=\"elementor-element elementor-element-7321558b e-con-full e-flex e-con e-child\" data-id=\"7321558b\" data-element_type=\"container\" data-e-type=\"container\" data-settings=\"{&quot;background_background&quot;:&quot;classic&quot;}\">\n\t\t\t\t<div class=\"elementor-element elementor-element-4da7a16b elementor-widget elementor-widget-heading\" data-id=\"4da7a16b\" data-element_type=\"widget\" data-e-type=\"widget\" data-widget_type=\"heading.default\">\n\t\t\t\t<div class=\"elementor-widget-container\">\n\t\t\t\t\t<h3 class=\"elementor-heading-title elementor-size-default\">Nous r\u00e9alisons nos travaux dans les villes et communes du 04 et 05.<\/h3>\t\t\t\t<\/div>\n\t\t\t\t<\/div>\n\t\t\t\t<\/div>\n\t\t\t\t\t<\/div>\n\t\t\t\t<\/div>\n\t\t\t\t<\/div>\n\t\t","protected":false},"excerpt":{"rendered":"<p>Carreleur Vos carreleurs disponibles dans les communes et villes du 04 et 05. Obtenir un devis Carreleurs dans le 04 et 05 Carrelage maison Carrelage maison : un projet \u00e0 confier \u00e0 des\u00a0carreleurs qualifi\u00e9s. Le carrelage est un rev\u00eatement de sol ou de mur tr\u00e8s populaire, car il est durable, facile d&rsquo;entretien et offre une [&hellip;]<\/p>\n","protected":false},"author":1,"featured_media":0,"parent":0,"menu_order":0,"comment_status":"closed","ping_status":"closed","template":"","meta":{"om_disable_all_campaigns":false,"_monsterinsights_skip_tracking":false,"_monsterinsights_sitenote_active":false,"_monsterinsights_sitenote_note":"","_monsterinsights_sitenote_category":0,"footnotes":""},"class_list":["post-39","page","type-page","status-publish","hentry"],"aioseo_notices":[],"_links":{"self":[{"href":"https:\/\/hauteprovencerenovation.com\/index.php\/wp-json\/wp\/v2\/pages\/39","targetHints":{"allow":["GET"]}}],"collection":[{"href":"https:\/\/hauteprovencerenovation.com\/index.php\/wp-json\/wp\/v2\/pages"}],"about":[{"href":"https:\/\/hauteprovencerenovation.com\/index.php\/wp-json\/wp\/v2\/types\/page"}],"author":[{"embeddable":true,"href":"https:\/\/hauteprovencerenovation.com\/index.php\/wp-json\/wp\/v2\/users\/1"}],"replies":[{"embeddable":true,"href":"https:\/\/hauteprovencerenovation.com\/index.php\/wp-json\/wp\/v2\/comments?post=39"}],"version-history":[{"count":49,"href":"https:\/\/hauteprovencerenovation.com\/index.php\/wp-json\/wp\/v2\/pages\/39\/revisions"}],"predecessor-version":[{"id":1457,"href":"https:\/\/hauteprovencerenovation.com\/index.php\/wp-json\/wp\/v2\/pages\/39\/revisions\/1457"}],"wp:attachment":[{"href":"https:\/\/hauteprovencerenovation.com\/index.php\/wp-json\/wp\/v2\/media?parent=39"}],"curies":[{"name":"wp","href":"https:\/\/api.w.org\/{rel}","templated":true}]}}